Let r be (-13)/26 - (-2)/2. Let g(c) be the first derivative of r*c**2 - 5*c - 2. What is g(6)?
1
Let t = -254 - -254. Let d(r) = r**2 - 2*r + 3. Calculate d(t).
3
Let h = 65 + -62. Let m(o) = o**2 - 52*o + 55*o + o**2 + 0 + h. Let x be (-4 - -1)*(-2)/(-3). Determine m(x).
5
Let u(s) be the second derivative of -5*s**4/12 - 5*s**3/6 - 2*s**2 + 82*s - 1. What is u(-2)?
-14
Let i(p) = 6*p - 5. Suppose -37*b - 588 = -135*b. Give i(b).
31
Let x(f) be the third derivative of -f**4/24 - 5*f**3/3 + 2*f**2 + 22*f. Calculate x(-11).
1
Let y(z) = 2*z**2 + 1. Let f be y(-1). Let u be 5 - -1 - -3 - f. Let b(t) = t**2 + 0*t**3 + 6*t**2 - t - t**3 - u*t**2 - 5. Determine b(0).
-5
Let o(n) = -n**2 + 6*n - 3. Suppose 6*x = 24 + 18. What is o(x)?
-10
Let y(l) = -32*l + 4*l**2 + 5*l**3 - 3 + 5 - 1 + 3*l**3 - 7*l**3. What is y(-8)?
1
Let x(v) = -2*v + 1. Let l(z) = -4*z. Let g(p) = -l(p) + 5*x(p). What is g(4)?
-19
Let o(l) = -l - 10. Let r(a) = a**2 - a + 17. Let n be r(7). Let d = n + -66. Calculate o(d).
-3
Let f = 1 - 4. Let b(p) = 9*p + 16. Let v(i) = -5*i - 9. Let u(y) = -6*b(y) - 11*v(y). Let o be u(f). Let r(s) = s**3 + s + 3. What is r(o)?
3
Suppose -5*q + 19 = -21. Suppose 0 = -2*u + 3*j - 9, -3*u + 4*j = -q*u - 11. Let z(i) be the first derivative of i**2 + i + 2. Calculate z(u).
-5
Suppose -v = -r, 3*r = r + 5*v - 6. Let w(z) = -17*z**2 + 9*z**2 - z**3 - z - 9 + 2*z**r + 5*z**2. Calculate w(0).
-9
Let t(m) = -9 - 4*m**3 - 46*m + 10*m**2 + 0*m**3 + 3*m**3 + 38*m + 0*m**3. Give t(9).
0
Let x(n) = -n + 11. Let v(a) = -a + 9. Let o(b) = 5*v(b) - 4*x(b). What is o(6)?
-5
Let n(g) be the first derivative of -g**5/60 - g**4/6 - g**3 - 4*g**2 - 7. Let i(f) be the second derivative of n(f). Suppose -s + 0*s = 4. Calculate i(s).
-6
Let x(a) be the second derivative of -a**3/3 - a**2 - 9*a. Suppose 29 = 3*m + 4*y, -3*y + 21 = 2*m - 0*m. Suppose -m*u - 24 = u. Give x(u).
10
Suppose -290*s + 295*s + w = 49, 5*s - 53 = -2*w. Let p(y) = -y**3 + 10*y**2 - 13*y + 27. Give p(s).
-9
Suppose -84 = 53*k - 65*k. Let c(i) = -i + 7. Give c(k).
0
Let i(d) be the first derivative of -1/4*d**4 + 5/2*d**2 - 21 - 4/3*d**3 - d. Let q be 1/(2 + 11/(-5)). Calculate i(q).
-1
Let x(p) be the third derivative of 0*p**4 - 1/30*p**5 + 0*p - 3*p**2 + 0*p**3 + 0 - 1/120*p**6. Let k be 0 - 12/42*7. Determine x(k).
0
Let p(k) be the third derivative of k**5/40 + k**4/24 - 5*k**3/3 - 20*k**2. Let g(a) be the first derivative of p(a). Give g(2).
7
Let c(d) = d**2 - 9*d + 1. Let y be 3/(-6) - (-6 - (-21)/(-14)). Give c(y).
-13
Let g(a) = -4*a + 6. Suppose -119*d + 151*d + 128 = 0. Determine g(d).
22
Let t = -14 + 8. Let q(f) = f**2 - 9*f + 10. Let v(d) = 6*d**2 - 46*d + 55. Let w(c) = 11*q(c) - 2*v(c). Give w(t).
6
Let z be (-17)/34*-2*1. Let w(d) be the first derivative of 8*d**3/3 - d**2/2 - 6. What is w(z)?
7
Suppose -29*i + 28*i + 7 = -h, 0 = 3*i + 2*h - 1. Let t(j) be the third derivative of 0 + 1/2*j**i + 0*j + 2*j**2 + 1/24*j**4. What is t(-4)?
-1
Suppose a = 6*a + 10. Suppose 4*b + 22 = 5*p - 5, 5*b + 5*p = 0. Let s be -1*(a + -3) + b. Let m(y) = -y**2 + 2*y + 2. What is m(s)?
2
Let d be 7 + -7 + (2 - -1). Let x(k) = -3*k + d - 4*k**2 - k**2 - k**2 - k**3. Determine x(-3).
-15
Let u = -32 - -29. Let c(m) = -11*m. Give c(u).
33
Let m(p) = 11*p - 1. Let l(q) be the second derivative of 2*q**3 - q**2 + 2*q. Let k(g) = 2*l(g) - 3*m(g). Let h be 3 + -7 - (-12 - -7). Calculate k(h).
-10
Let z = -15 + 18. Suppose -7 + z = -q. Let m(h) = -h**3 + 5*h**2 - 3*h + 1. Determine m(q).
5
Let y(j) = 11*j + 7. Let z(g) = 16*g + 10. Let w(f) = -8*f**3 + 2*f - 1. Let n be w(1). Let u(i) = n*y(i) + 5*z(i). What is u(-1)?
-2
Let n(o) = -6*o + 3*o + 1 + 9*o + 8*o + 0. Calculate n(-1).
-13
Let o(z) = -3*z**2 - z + 6. Let u(g) = -g**2 - g + 1. Suppose 0 = 2*i - 10*i - 8. Let y(h) = i*o(h) + 4*u(h). Calculate y(-3).
-2
Let p(c) = -c**2 + 2*c + 12. Let u(r) = r**2 - r - 11. Let l(v) = -6*p(v) - 7*u(v). Let f be l(-4). Let t(o) = o**2 - 8*o - 2. What is t(f)?
7
Let g(b) = 21*b**3 + 6*b**2 + 7*b - 1. Let l(c) = 17*c**3 + 5*c**2 + 6*c - 1. Let u(q) = -4*g(q) + 5*l(q). Give u(0).
-1
Let s(p) be the third derivative of p**5/30 + 5*p**4/8 - 11*p**3/6 - 5*p**2 - 12*p. Give s(-8).
-3
Let j(y) = -4*y**3 - 4*y**2 - 2*y - 1. Let i(c) = 3*c**3 + 4*c**2 + c + 2. Let t(f) = -3*i(f) - 2*j(f). Calculate t(-5).
16
Let a(u) = -u**2 + 7*u - 5. Let y be ((-21)/12)/(8/(-32)). Determine a(y).
-5
Let m(y) be the third derivative of y**6/120 + y**5/30 - y**4/24 + y**3/3 - 6*y**2 + 16*y. Calculate m(-3).
-4
Suppose -8 = -10*g + 12. Let v(j) = -2*j + 1. Calculate v(g).
-3
Let u(g) = -g**2 + g - 1 - 5*g**2 + 0*g**2. Let n be ((-2)/6)/(2/(-18)). Suppose t - 4 = -n*t. Give u(t).
-6
Let u(t) = -t**2 - 9*t + 5. Let z = 70 + -75. Determine u(z).
25
Let m(v) = v**2 + 13*v + 9. Let o be (8/(-3))/((-2)/(-9)). Calculate m(o).
-3
Let x = -311 + 303. Let o(z) = 2*z + 13. Calculate o(x).
-3
Let j = -37 + 46. Let p(d) = j - 3 + d + 4. Determine p(-6).
4
Let u(t) = -t**2 - 35*t + 164. Let g be u(-39). Let a(s) = 2*s - 24. Calculate a(g).
-8
Let f(a) = -a**3 + 34*a - 8. Let l be f(-6). Let u(x) = -x**3 + 5*x**2 - 6*x + 13. What is u(l)?
5
Suppose 3*w = -0*w + 3. Let n(b) = -19*b**3 - 5*b**2 + b - 3. Let i(y) = 3*y**2 + 7 - y + 9*y**3 - 5 + y**3. Let h(m) = 5*i(m) + 3*n(m). What is h(w)?
-8
Let a be 3 - ((-28)/(-4) + -2). Let o be (a/(-10))/((-19)/(-190)). Let d(k) = k - 1. What is d(o)?
1
Let d(t) = -4*t**2 + 3*t**3 + t**3 - 3 + 1 - 3*t**3 - 7*t. What is d(6)?
28
Let r(x) = x - 25. Let g be r(25). Suppose -5*s + g*p = -3*p - 5, -4*s + 4 = 2*p. Let f(b) = 25*b - 1. Calculate f(s).
24
Let h(f) = 5*f**3 + 3*f**2 - 8*f + 21. Let s(a) = 14*a**3 + 10*a**2 - 25*a + 59. Let q(b) = -17*h(b) + 6*s(b). Determine q(7).
-3
Suppose 4*l + q - 7 = 0, 9*q - 5*q + 20 = 0. Let k(y) be the first derivative of 2*y**3/3 - y**2 + 2*y + 6. What is k(l)?
14
Let b(t) = -30*t + 407. Let c be b(14). Let s(q) = -q. Calculate s(c).
13
Let b(c) = 17*c**3 - 8*c**2 + c + 15. Let k(y) = 12*y**3 - 5*y**2 + y + 10. Let u(r) = 5*b(r) - 7*k(r). Determine u(5).
-5
Let d(x) = x**3 + 13*x**2 - 12*x + 24. Suppose -2*g - 5*o - 16 = -o, -5*o = -5*g - 85. Calculate d(g).
-4
Let s be 6/(-9) + (-25)/(-15) + 2. Suppose s*r - 2 - 10 = 0. Let n(b) = 2*b - 3. Calculate n(r).
5
Let r(h) be the third derivative of h**6/120 + 3*h**5/20 + h**4/3 + h**3/2 - 2*h**2. Let c be (-16)/72 + (-16)/9. Let z = c + -6. Give r(z).
3
Let i(f) be the first derivative of f**4/4 - 5*f**3/3 - f**2/2 + 4*f + 4430. Let m(o) = o**2 - 4*o + 5. Let g be m(4). Calculate i(g).
-1
Let y = 43 + -41. Let k(m) = -6 + 12 - 6 - m**y. What is k(2)?
-4
Let z(s) = -2*s - 4. Let u(k) = -2*k - 6. Let y(i) = -2*u(i) + 3*z(i). What is y(4)?
-8
Let x(f) = -f + 7. Let y(n) = -5 - n**2 + 23 - 11 + 2*n**2 - 6*n. Let b be y(7). Suppose b = 3*g - 1. Determine x(g).
2
Suppose -4*r - 2*x - 8 = -4*x, -3*x + 12 = -2*r. Let d be r*1/2*2. Let h(f) be the third derivative of -f**6/120 + f**5/60 + f**3/3 + f**2. Give h(d).
2
Let g(m) = -m - 1. Let w(o) = -o**3 - o**2 - 4*o + 8. Let k(q) = -3*g(q) + w(q). What is k(0)?
11
Let n(m) = -7 - m + 2*m**2 + 0*m + 7*m. Let d be n(-4). Let i(v) = 18*v**3 + v**2. Determine i(d).
19
Let m(y) = -9*y - 13. Let o(k) = -5*k - 7. Let g(q) = -6*m(q) + 11*o(q). Let v(l) = 2*l**2 + 6*l + 9. Suppose -8*j - 8 = 8. Let s be v(j). Determine g(s).
-4
Let t(j) = 6*j - 5*j + 3*j. Let n = -1497 + 1498. What is t(n)?
4
Let a(c) = -4*c - 1 - 2*c + 2. Suppose 2*m + 43 - 43 = 0. Suppose -y - 1 = -m*y. Give a(y).
7
Suppose -r + 396 = -10*r. Let d = r - -48. Let j(f) = -f**2 + 6*f - 6. Calculate j(d).
2
Let c be 1/(40/210 + (-2)/6). Let q(z) = z - z - 2*z - 9. Determine q(c).
5
Let l(z) = 2*z**2 - 18*z + 20. Let t be l(8). Let c(d) = 20*d**2 - t - 5*d - 21*d**2 + 4. Give c(-6).
-6
Let x(u) = -2*u**2. Let f(v) be the first derivative of v**2 + 11*v + 1. Let o be f(-5). What is x(o)?
-2
Let w = 801 + -811. Let o(p) = -p**3 - 11*p**2 - 12*p - 6. What is o(w)?
14
Let r(c) be the second derivative of -c**4/12 + c**3/3 + c**2 + 40*c. Give r(-4).
-22
Let k(v) = v**2 - 7*v - 1. Let w(z) = -2*z**2 + 28*z - 84. Let l be w(5). What is k(l)?
-7
Let v = 8 - 11. Let l(i) = -i. What is l(v)?
3
Let r(k) = -8*k**2 + k. Suppose 5*s = u - 34, 0 = -4*u +